 is the hundred thousands digit of 14358430?
3
What is the hundreds digit of 8504502?
5
What is the units digit of 93592?
2
What is the ten millions digit of 673257432?
7
What is the millions digit of 10815915?
0
What is the ten millions digit of 44456853?
4
What is the units digit of 108486895?
5
What is the hundred thousands digit of 91185698?
1
What is the ten thousands digit of 53322720?
2
What is the thousands digit of 953454995?
4
What is the hundred thousands digit of 813873742?
8
What is the hundred millions digit of 584248598?
5
What is the units digit of 301056914?
4
What is the hundreds digit of 1864604949?
9
What is the ten millions digit of 47670281?
4
What is the thousands digit of 229535463?
5
What is the units digit of 2785937517?
7
What is the tens digit of 43451665?
6
What is the millions digit of 1381196?
1
What is the thousands digit of 385658492?
8
What is the hundreds digit of 275925148?
1
What is the units digit of 114262987?
7
What is the ten thousands digit of 354735543?
3
What is the ten millions digit of 520391437?
2
What is the tens digit of 1212669164?
6
What is the ten thousands digit of 971518939?
1
What is the millions digit of 691604953?
1
What is the hundreds digit of 76549966?
9
What is the millions digit of 74714469?
4
What is the thousands digit of 26255248?
5
What is the billions digit of 4280731220?
4
What is the tens digit of 3824720097?
9
What is the hundred thousands digit of 28513807?
5
What is the hundreds digit of 368384134?
1
What is the ten thousands digit of 248165764?
6
What is the ten thousands digit of 4522262269?
6
What is the thousands digit of 1018465730?
5
What is the ten millions digit of 384647030?
8
What is the hundreds digit of 4549044789?
7
What is the millions digit of 12375043?
2
What is the hundred thousands digit of 933539981?
5
What is the hundred thousands digit of 1642283615?
2
What is the thousands digit of 595366960?
6
What is the thousands digit of 3793418775?
8
What is the tens digit of 100201197?
9
What is the hundreds digit of 275533996?
9
What is the units digit of 813386738?
8
What is the units digit of 3609541936?
6
What is the tens digit of 86800265?
6
What is the units digit of 5576854920?
0
What is the tens digit of 1012089737?
3
What is the units digit of 3965636099?
9
What is the tens digit of 4856931934?
3
What is the ten millions digit of 22384487?
2
What is the millions digit of 84862174?
4
What is the thousands digit of 652973619?
3
What is the hundred thousands digit of 5721614021?
6
What is the billions digit of 1055705557?
1
What is the ten thousands digit of 5337866652?
6
What is the hundred millions digit of 380582210?
3
What is the hundreds digit of 19459357?
3
What is the ten thousands digit of 1982789259?
8
What is the thousands digit of 167124937?
4
What is the ten thousands digit of 45208900?
0
What is the ten thousands digit of 44643331?
4
What is the units digit of 10446164?
4
What is the ten thousands digit of 1262215640?
1
What is the tens digit of 1649910049?
4
What is the units digit of 18465225?
5
What is the hundreds digit of 428760072?
0
What is the millions digit of 86942357?
6
What is the ten thousands digit of 463605297?
0
What is the tens digit of 67783315?
1
What is the hundred thousands digit of 490985767?
9
What is the units digit of 48212549?
9
What is the hundred thousands digit of 352468950?
4
What is the millions digit of 286104016?
6
What is the hundreds digit of 432715736?
7
What is the hundreds digit of 27927641?
6
What is the ten thousands digit of 828782250?
8
What is the millions digit of 954097275?
4
What is the ten thousands digit of 68108894?
0
What is the tens digit of 43183680?
8
What is the thousands digit of 1009348492?
8
What is the ten millions digit of 4740942966?
4
What is the ten millions digit of 74651008?
7
What is the hundred thousands digit of 308228794?
2
What is the millions digit of 187192144?
7
What is the millions digit of 1120748590?
0
What is the millions digit of 9295260?
9
What is the hundreds digit of 1738513931?
9
What is the hundred thousands digit of 64775170?
7
What is the units digit of 326552522?
2
What is the units digit of 106394979?
9
What is the hundred thousands digit of 336804074?
8
What is the hundred thousands digit of 5130363?
1
What is the millions digit of 52099583?
2
What is the millions digit of 1392170027?
2
What is the tens digit of 206391607?
0
What is the tens digit of 9666153?
5
What is the hundred millions digit of 1153611017?
1
What is the ten millions digit of 373470363?
7
What is the tens digit of 12108887?
8
What is the hundreds digit of 302309061?
0
What is the ten thousands digit of 86370309?
7
What is the hundred millions digit of 3136441251?
1
What is the hundreds digit of 583451716?
7
What is the thousands digit of 788008113?
8
What is the hundred thousands digit of 8407972239?
9
What is the hundreds digit of 188164302?
3
What is the units digit of 3149347985?
5
What is the hundreds digit of 15384930?
9
What is the ten thousands digit of 41045110?
4
What is the hundreds digit of 1440833241?
2
What is the thousands digit of 4806245550?
5
What is the ten millions digit of 17589035?
1
What is the hundreds digit of 132102636?
6
What is the hundred millions digit of 220421880?
2
What is the millions digit of 40844773?
0
What is the thousands digit of 1302223328?
3
What is the ten millions digit of 1256132968?
5
What is the thousands digit of 98315285?
5
What is the ten thousands digit of 1027983985?
8
What is the units digit of 67610880?
0
What is the millions digit of 143901244?
3
What is the hundred thousands digit of 2739670?
7
What is the thousands digit of 110772081?
2
What is the ten millions digit of 409246958?
0
What is the thousands digit of 45939334?
9
What is the tens digit of 101711512?
1
What is the ten thousands digit of 3853365800?
6
What is the hundred thousands digit of 14677223?
6
What is the ten millions digit of 756952972?
5
What is the millions digit of 53222576?
3
What is the ten millions digit of 123954647?
2
What is the tens digit of 76083403?
0
What is the millions digit of 1932229?
1
What is the ten thousands digit of 418461391?
6
What is the thousands digit of 7220815618?
5
What is the hundred thousands digit of 105382839?
3
What is the units digit of 74398724?
4
What is the hundred millions digit of 354359801?
3
What is the hundred millions digit of 122745550?
1
What is the hundred thousands digit of 1092110700?
1
What is the millions digit of 2628779?
2
What is the billions digit of 1954858438?
1
What is the hundreds digit of 1310842747?
7
What is the tens digit of 24057778?
7
What is the thousands digit of 32623805?
3
What is the ten millions digit of 926288910?
2
What is the millions digit of 144605051?
4
What is the hundred thousands digit of 51019796?
0
What is the tens digit of 94118709?
0
What is the ten millions digit of 22024126?
2
What is the ten millions digit of 1474046512?
7
What is the hundred millions digit of 3436363786?
4
What is the tens digit of 2000432573?
7
What is the hundred thousands digit of 1101443093?
4
What is the hundreds digit of 37813266?
2
What is the hundred thousands digit of 1118455?
1
What is the millions digit of 25335915?
5
What is the ten thousands digit of 938257049?
5
What is the ten thousands digit of 1835661529?
6
What is the millions digit of 597758728?
7
What is the tens digit of 7549728?
2
What is the tens digit of 1786632613?
1
What is the ten millions digit of 157581109?
5
What is the units digit of 21061234?
4
What is the ten thousands digit of 118738360?
3
What is the hundreds digit of 40961504?
5
What is the ten millions digit of 1028286311?
2
What is the thousands digit of 353699110?
9
What is the hundreds digit of 468192463?
4
What is the tens digit of 104891732?
3
What is the tens digit of 1483305678?
7
What is the ten thousands digit of 106934831?
3
What is the tens digit of 584432812?
1
What is the ten millions digit of 76804835?
7
What is the units digit of 158338250?
0
What is the hundred thousands digit of 6705325?
7
What is the ten millions digit of 25221260?
2
What is the ten thousands digit of 60174250?
7
What is the millions digit of 43742100?
3
What is the hundred millions di